40468959?
7
What is the tens digit of 81693287?
8
What is the units digit of 483435308?
8
What is the hundred millions digit of 280500736?
2
What is the ten thousands digit of 2125652301?
5
What is the millions digit of 37236236?
7
What is the hundreds digit of 2521163371?
3
What is the millions digit of 2831444979?
1
What is the ten thousands digit of 6234920?
3
What is the millions digit of 2515340677?
5
What is the units digit of 39773396?
6
What is the hundred millions digit of 2661574204?
6
What is the units digit of 1637525091?
1
What is the tens digit of 97882225?
2
What is the ten millions digit of 410987899?
1
What is the ten thousands digit of 235876686?
7
What is the thousands digit of 992394129?
4
What is the ten thousands digit of 9817139?
1
What is the thousands digit of 487082816?
2
What is the millions digit of 3174348489?
4
What is the millions digit of 1688516630?
8
What is the hundred thousands digit of 34996227?
9
What is the hundreds digit of 435720759?
7
What is the hundred thousands digit of 30262109?
2
What is the hundred thousands digit of 1283883012?
8
What is the hundred millions digit of 1479886017?
4
What is the tens digit of 68275564?
6
What is the thousands digit of 43054250?
4
What is the ten millions digit of 864854959?
6
What is the units digit of 21136768?
8
What is the hundred millions digit of 1352492265?
3
What is the ten thousands digit of 136716808?
1
What is the units digit of 1551446043?
3
What is the tens digit of 960720511?
1
What is the hundreds digit of 160566785?
7
What is the thousands digit of 1231225285?
5
What is the hundred millions digit of 1759753346?
7
What is the hundred millions digit of 470420288?
4
What is the tens digit of 1531786788?
8
What is the hundreds digit of 3031638877?
8
What is the hundreds digit of 193749935?
9
What is the units digit of 16827455?
5
What is the ten millions digit of 975002770?
7
What is the millions digit of 41435999?
1
What is the ten millions digit of 21256306?
2
What is the millions digit of 1039583288?
9
What is the millions digit of 1494861646?
4
What is the millions digit of 165356225?
5
What is the ten millions digit of 1734710361?
3
What is the hundred thousands digit of 382136433?
1
What is the ten thousands digit of 22585102?
8
What is the billions digit of 5134396139?
5
What is the millions digit of 97322751?
7
What is the ten thousands digit of 1489827980?
2
What is the thousands digit of 1913352871?
2
What is the hundred millions digit of 1906154972?
9
What is the hundred millions digit of 2779506756?
7
What is the hundred millions digit of 702537136?
7
What is the millions digit of 3782899921?
2
What is the thousands digit of 1910489484?
9
What is the units digit of 43755117?
7
What is the thousands digit of 4815197806?
7
What is the ten thousands digit of 1779746229?
4
What is the millions digit of 526433925?
6
What is the tens digit of 308882299?
9
What is the units digit of 141177895?
5
What is the ten millions digit of 675733482?
7
What is the tens digit of 321752730?
3
What is the thousands digit of 45345379?
5
What is the ten millions digit of 25654826?
2
What is the ten millions digit of 304328888?
0
What is the hundreds digit of 2119276255?
2
What is the units digit of 3687964?
4
What is the hundred thousands digit of 35960685?
9
What is the millions digit of 53373355?
3
What is the tens digit of 442892609?
0
What is the thousands digit of 4758418848?
8
What is the units digit of 1087407636?
6
What is the thousands digit of 321142581?
2
What is the millions digit of 278031874?
8
What is the hundreds digit of 45603089?
0
What is the millions digit of 873793069?
3
What is the ten thousands digit of 8912509?
1
What is the hundreds digit of 1830928088?
0
What is the units digit of 436050135?
5
What is the millions digit of 322259836?
2
What is the units digit of 640894048?
8
What is the millions digit of 8459865892?
9
What is the thousands digit of 1192622570?
2
What is the tens digit of 2784547419?
1
What is the hundred thousands digit of 51887216?
8
What is the millions digit of 86674468?
6
What is the hundred thousands digit of 165596337?
5
What is the hundred millions digit of 3340962033?
3
What is the hundreds digit of 8195869188?
1
What is the hundreds digit of 166796180?
1
What is the millions digit of 7049627723?
9
What is the ten millions digit of 270955473?
7
What is the hundreds digit of 1637875113?
1
What is the ten millions digit of 820245986?
2
What is the ten thousands digit of 103254232?
5
What is the millions digit of 117719412?
7
What is the tens digit of 48514928?
2
What is the billions digit of 1042686034?
1
What is the hundred millions digit of 2089704012?
0
What is the hundreds digit of 1937045261?
2
What is the hundred thousands digit of 1129312805?
3
What is the hundred thousands digit of 1734310820?
3
What is the hundreds digit of 270276481?
4
What is the ten thousands digit of 34993078?
9
What is the ten millions digit of 119504955?
1
What is the ten millions digit of 207522841?
0
What is the units digit of 671171541?
1
What is the tens digit of 976957722?
2
What is the ten thousands digit of 334010968?
1
What is the ten millions digit of 2264146480?
6
What is the millions digit of 368683961?
8
What is the ten thousands digit of 512889058?
8
What is the hundreds digit of 5031486855?
8
What is the thousands digit of 119317529?
7
What is the ten thousands digit of 107460167?
6
What is the ten millions digit of 396776953?
9
What is the ten thousands digit of 541165921?
6
What is the hundred millions digit of 234328184?
2
What is the ten thousands digit of 238388305?
8
What is the thousands digit of 13864819?
4
What is the hundred thousands digit of 78068584?
0
What is the thousands digit of 4964846533?
6
What is the ten millions digit of 2860216366?
6
What is the thousands digit of 31004608?
4
What is the tens digit of 108905208?
0
What is the hundred millions digit of 826994410?
8
What is the hundred millions digit of 1037174068?
0
What is the millions digit of 155877338?
5
What is the thousands digit of 43669164?
9
What is the hundreds digit of 49282518?
5
What is the units digit of 16499320?
0
What is the hundreds digit of 8284062?
0
What is the hundreds digit of 44713272?
2
What is the millions digit of 20436325?
0
What is the millions digit of 41378244?
1
What is the millions digit of 821484321?
1
What is the ten thousands digit of 1230975216?
7
What is the hundred thousands digit of 1459362372?
3
What is the millions digit of 558497111?
8
What is the billions digit of 1196114057?
1
What is the millions digit of 99364526?
9
What is the ten thousands digit of 6121066574?
6
What is the tens digit of 555829812?
1
What is the hundred thousands digit of 255208999?
2
What is the hundred millions digit of 190899658?
1
What is the hundred millions digit of 107037010?
1
What is the ten millions digit of 84142965?
8
What is the ten thousands digit of 3141738989?
3
What is the ten thousands digit of 37041742?
4
What is the hundred thousands digit of 32408978?
4
What is the units digit of 369315300?
0
What is the units digit of 4976978564?
4
What is the ten thousands digit of 964664?
6
What is the thousands digit of 35366198?
6
What is the tens digit of 1393646072?
7
What is the hundreds digit of 524201694?
6
What is the hundred millions digit of 666408509?
6
What is the hundred thousands digit of 69930642?
9
What is the thousands digit of 779718621?
8
What is the hundreds digit of 1470781?
7
What is the hundred millions digit of 549233083?
5
What is the hundreds digit of 10553827?
8
What is the thousands digit of 5277971923?
1
What is the tens digit of 218762250?
5
What is the hundred thousands digit of 84257812?
2
What is the ten thousands digit of 3635501852?
0
What is the units digit of 7277909063?
3
What is the hundred millions digit of 1192552883?
1
What is the hundred thousands digit of 72162651?
1
What is the units digit of 54039352?
2
What is the hundreds digit of 734394781?
7
What is the hundred thousands digit of 69498045?
4
What is the tens digit of 71763356?
5
What is the hundred thousands digit of 51603531?
6
What is the units digit of 25322806?
6
What is the units digit of 270695092?
2
What is the ten th